{"id":466,"date":"2023-05-03T23:22:26","date_gmt":"2023-05-03T21:22:26","guid":{"rendered":"https:\/\/lohanfm.fr\/?page_id=466"},"modified":"2023-05-04T10:43:59","modified_gmt":"2023-05-04T08:43:59","slug":"projets","status":"publish","type":"page","link":"https:\/\/lohanfm.fr\/index.php\/projets\/","title":{"rendered":"Projets"},"content":{"rendered":"\t\t<div data-elementor-type=\"wp-page\" data-elementor-id=\"466\" class=\"elementor elementor-466\">\n\t\t\t\t\t\t<section class=\"elementor-section elementor-top-section elementor-element elementor-element-b8519df elementor-section-boxed elementor-section-height-default elementor-section-height-default\" data-id=\"b8519df\" data-element_type=\"section\">\n\t\t\t\t\t\t<div class=\"elementor-container elementor-column-gap-default\">\n\t\t\t\t\t<div class=\"elementor-column elementor-col-100 elementor-top-column elementor-element elementor-element-b9b1ca2\" data-id=\"b9b1ca2\" data-element_type=\"column\">\n\t\t\t<div class=\"elementor-widget-wrap elementor-element-populated\">\n\t\t\t\t\t\t<div class=\"elementor-element elementor-element-0c9e56e elementor-widget elementor-widget-spacer\" data-id=\"0c9e56e\" data-element_type=\"widget\" data-widget_type=\"spacer.default\">\n\t\t\t\t<div class=\"elementor-widget-container\">\n\t\t\t\t\t<div class=\"elementor-spacer\">\n\t\t\t<div class=\"elementor-spacer-inner\"><\/div>\n\t\t<\/div>\n\t\t\t\t<\/div>\n\t\t\t\t<\/div>\n\t\t\t\t\t<\/div>\n\t\t<\/div>\n\t\t\t\t\t<\/div>\n\t\t<\/section>\n\t\t\t\t<section class=\"elementor-section elementor-top-section elementor-element elementor-element-60aa4c2 elementor-section-boxed elementor-section-height-default elementor-section-height-default\" data-id=\"60aa4c2\" data-element_type=\"section\">\n\t\t\t\t\t\t<div class=\"elementor-container elementor-column-gap-default\">\n\t\t\t\t\t<div class=\"elementor-column elementor-col-100 elementor-top-column elementor-element elementor-element-91a4e5d\" data-id=\"91a4e5d\" data-element_type=\"column\">\n\t\t\t<div class=\"elementor-widget-wrap elementor-element-populated\">\n\t\t\t\t\t\t<div class=\"elementor-element elementor-element-800fb97 elementor-widget elementor-widget-heading\" data-id=\"800fb97\" data-element_type=\"widget\" data-widget_type=\"heading.default\">\n\t\t\t\t<div class=\"elementor-widget-container\">\n\t\t\t<h2 class=\"elementor-heading-title elementor-size-xxl\">Projets<\/h2>\t\t<\/div>\n\t\t\t\t<\/div>\n\t\t\t\t\t<\/div>\n\t\t<\/div>\n\t\t\t\t\t<\/div>\n\t\t<\/section>\n\t\t\t\t<section class=\"elementor-section elementor-top-section elementor-element elementor-element-bb05197 elementor-section-boxed elementor-section-height-default elementor-section-height-default\" data-id=\"bb05197\" data-element_type=\"section\">\n\t\t\t\t\t\t<div class=\"elementor-container elementor-column-gap-default\">\n\t\t\t\t\t<div class=\"elementor-column elementor-col-100 elementor-top-column elementor-element elementor-element-5e8e939\" data-id=\"5e8e939\" data-element_type=\"column\">\n\t\t\t<div class=\"elementor-widget-wrap elementor-element-populated\">\n\t\t\t\t\t\t<div class=\"elementor-element elementor-element-719ecd4 elementor-widget elementor-widget-spacer\" data-id=\"719ecd4\" data-element_type=\"widget\" data-widget_type=\"spacer.default\">\n\t\t\t\t<div class=\"elementor-widget-container\">\n\t\t\t\t\t<div class=\"elementor-spacer\">\n\t\t\t<div class=\"elementor-spacer-inner\"><\/div>\n\t\t<\/div>\n\t\t\t\t<\/div>\n\t\t\t\t<\/div>\n\t\t\t\t\t<\/div>\n\t\t<\/div>\n\t\t\t\t\t<\/div>\n\t\t<\/section>\n\t\t\t\t<section class=\"elementor-section elementor-top-section elementor-element elementor-element-73fc47d elementor-section-boxed elementor-section-height-default elementor-section-height-default\" data-id=\"73fc47d\" data-element_type=\"section\">\n\t\t\t\t\t\t<div class=\"elementor-container elementor-column-gap-default\">\n\t\t\t\t\t<div class=\"elementor-column elementor-col-33 elementor-top-column elementor-element elementor-element-39c32a6\" data-id=\"39c32a6\" data-element_type=\"column\">\n\t\t\t<div class=\"elementor-widget-wrap elementor-element-populated\">\n\t\t\t\t\t\t<div class=\"elementor-element elementor-element-8fe77d6 elementor-widget elementor-widget-image\" data-id=\"8fe77d6\" data-element_type=\"widget\" data-widget_type=\"image.default\">\n\t\t\t\t<div class=\"elementor-widget-container\">\n\t\t\t\t\t\t\t\t\t\t\t\t\t<img fetchpriority=\"high\" decoding=\"async\" width=\"800\" height=\"800\" src=\"https:\/\/lohanfm.fr\/wp-content\/uploads\/2023\/05\/logo-6-1024x1024.png\" class=\"attachment-large size-large wp-image-471\" alt=\"\" srcset=\"https:\/\/lohanfm.fr\/wp-content\/uploads\/2023\/05\/logo-6-1024x1024.png 1024w, https:\/\/lohanfm.fr\/wp-content\/uploads\/2023\/05\/logo-6-300x300.png 300w, https:\/\/lohanfm.fr\/wp-content\/uploads\/2023\/05\/logo-6-150x150.png 150w, https:\/\/lohanfm.fr\/wp-content\/uploads\/2023\/05\/logo-6-768x768.png 768w, https:\/\/lohanfm.fr\/wp-content\/uploads\/2023\/05\/logo-6.png 1200w\" sizes=\"(max-width: 800px) 100vw, 800px\" \/>\t\t\t\t\t\t\t\t\t\t\t\t\t<\/div>\n\t\t\t\t<\/div>\n\t\t\t\t\t<\/div>\n\t\t<\/div>\n\t\t\t\t<div class=\"elementor-column elementor-col-66 elementor-top-column elementor-element elementor-element-b129d3e\" data-id=\"b129d3e\" data-element_type=\"column\">\n\t\t\t<div class=\"elementor-widget-wrap elementor-element-populated\">\n\t\t\t\t\t\t<div class=\"elementor-element elementor-element-9e466f9 elementor-widget elementor-widget-heading\" data-id=\"9e466f9\" data-element_type=\"widget\" data-widget_type=\"heading.default\">\n\t\t\t\t<div class=\"elementor-widget-container\">\n\t\t\t<h3 class=\"elementor-heading-title elementor-size-large\"><u>BiblioWeb<\/u><\/h3>\t\t<\/div>\n\t\t\t\t<\/div>\n\t\t\t\t<div class=\"elementor-element elementor-element-dc3cb08 elementor-widget elementor-widget-text-editor\" data-id=\"dc3cb08\" data-element_type=\"widget\" data-widget_type=\"text-editor.default\">\n\t\t\t\t<div class=\"elementor-widget-container\">\n\t\t\t\t\t\t\tUne biblioth\u00e8que de livre en ligne ! Sur BiblioWeb vous retrouverez des livres ainsi que leur(s) genre(s) et leur auteur. Vous pouvez \u00e9galement emprunter un livre et\/ou consulter si il est emprunt\u00e9 ou libre.\t\t\t\t\t\t<\/div>\n\t\t\t\t<\/div>\n\t\t\t\t\t<\/div>\n\t\t<\/div>\n\t\t\t\t\t<\/div>\n\t\t<\/section>\n\t\t\t\t<section class=\"elementor-section elementor-top-section elementor-element elementor-element-6978691 elementor-section-boxed elementor-section-height-default elementor-section-height-default\" data-id=\"6978691\" data-element_type=\"section\">\n\t\t\t\t\t\t<div class=\"elementor-container elementor-column-gap-default\">\n\t\t\t\t\t<div class=\"elementor-column elementor-col-66 elementor-top-column elementor-element elementor-element-264c730\" data-id=\"264c730\" data-element_type=\"column\">\n\t\t\t<div class=\"elementor-widget-wrap elementor-element-populated\">\n\t\t\t\t\t\t<div class=\"elementor-element elementor-element-c1532c7 elementor-widget elementor-widget-heading\" data-id=\"c1532c7\" data-element_type=\"widget\" data-widget_type=\"heading.default\">\n\t\t\t\t<div class=\"elementor-widget-container\">\n\t\t\t<h3 class=\"elementor-heading-title elementor-size-large\"><u>Hackat'Innov<\/u><\/h3>\t\t<\/div>\n\t\t\t\t<\/div>\n\t\t\t\t<div class=\"elementor-element elementor-element-d2de926 elementor-widget elementor-widget-text-editor\" data-id=\"d2de926\" data-element_type=\"widget\" data-widget_type=\"text-editor.default\">\n\t\t\t\t<div class=\"elementor-widget-container\">\n\t\t\t\t\t\t\t<p>Contraction de \u00ab hack \u00bb et de \u00ab marathon \u00bb, l&rsquo;hackathon est un processus cr\u00e9atif utilis\u00e9 dans le<br \/>domaine de l&rsquo;innovation num\u00e9rique. Durant g\u00e9n\u00e9ralement un week-end, des d\u00e9veloppeurs<br \/>volontaires se r\u00e9unissent pour faire de la programmation informatique en mode collaboratif sur un<br \/>th\u00e8me d\u00e9fini.<\/p><p>Ce projet regroupe 4 logiciels : Hackat&rsquo;Web, Hackat&rsquo;Orga, Hackat&rsquo;Manage et Hackat&rsquo;Vote.<\/p>\t\t\t\t\t\t<\/div>\n\t\t\t\t<\/div>\n\t\t\t\t\t<\/div>\n\t\t<\/div>\n\t\t\t\t<div class=\"elementor-column elementor-col-33 elementor-top-column elementor-element elementor-element-78812b1\" data-id=\"78812b1\" data-element_type=\"column\">\n\t\t\t<div class=\"elementor-widget-wrap elementor-element-populated\">\n\t\t\t\t\t\t<div class=\"elementor-element elementor-element-dc7a8f9 elementor-widget elementor-widget-image\" data-id=\"dc7a8f9\" data-element_type=\"widget\" data-widget_type=\"image.default\">\n\t\t\t\t<div class=\"elementor-widget-container\">\n\t\t\t\t\t\t\t\t\t\t\t\t\t<img decoding=\"async\" width=\"800\" height=\"800\" src=\"https:\/\/lohanfm.fr\/wp-content\/uploads\/2023\/05\/logo-1024x1024.png\" class=\"attachment-large size-large wp-image-399\" alt=\"\" srcset=\"https:\/\/lohanfm.fr\/wp-content\/uploads\/2023\/05\/logo-1024x1024.png 1024w, https:\/\/lohanfm.fr\/wp-content\/uploads\/2023\/05\/logo-300x300.png 300w, https:\/\/lohanfm.fr\/wp-content\/uploads\/2023\/05\/logo-150x150.png 150w, https:\/\/lohanfm.fr\/wp-content\/uploads\/2023\/05\/logo-768x768.png 768w, https:\/\/lohanfm.fr\/wp-content\/uploads\/2023\/05\/logo.png 1200w\" sizes=\"(max-width: 800px) 100vw, 800px\" \/>\t\t\t\t\t\t\t\t\t\t\t\t\t<\/div>\n\t\t\t\t<\/div>\n\t\t\t\t\t<\/div>\n\t\t<\/div>\n\t\t\t\t\t<\/div>\n\t\t<\/section>\n\t\t\t\t<section class=\"elementor-section elementor-top-section elementor-element elementor-element-bd7857c elementor-section-boxed elementor-section-height-default elementor-section-height-default\" data-id=\"bd7857c\" data-element_type=\"section\">\n\t\t\t\t\t\t<div class=\"elementor-container elementor-column-gap-default\">\n\t\t\t\t\t<div class=\"elementor-column elementor-col-33 elementor-top-column elementor-element elementor-element-a655d32\" data-id=\"a655d32\" data-element_type=\"column\">\n\t\t\t<div class=\"elementor-widget-wrap elementor-element-populated\">\n\t\t\t\t\t\t<div class=\"elementor-element elementor-element-0391903 elementor-widget elementor-widget-image\" data-id=\"0391903\" data-element_type=\"widget\" data-widget_type=\"image.default\">\n\t\t\t\t<div class=\"elementor-widget-container\">\n\t\t\t\t\t\t\t\t\t\t\t\t\t<img decoding=\"async\" width=\"800\" height=\"800\" src=\"https:\/\/lohanfm.fr\/wp-content\/uploads\/2023\/05\/logo-5-1024x1024.png\" class=\"attachment-large size-large wp-image-470\" alt=\"\" srcset=\"https:\/\/lohanfm.fr\/wp-content\/uploads\/2023\/05\/logo-5-1024x1024.png 1024w, https:\/\/lohanfm.fr\/wp-content\/uploads\/2023\/05\/logo-5-300x300.png 300w, https:\/\/lohanfm.fr\/wp-content\/uploads\/2023\/05\/logo-5-150x150.png 150w, https:\/\/lohanfm.fr\/wp-content\/uploads\/2023\/05\/logo-5-768x768.png 768w, https:\/\/lohanfm.fr\/wp-content\/uploads\/2023\/05\/logo-5.png 1200w\" sizes=\"(max-width: 800px) 100vw, 800px\" \/>\t\t\t\t\t\t\t\t\t\t\t\t\t<\/div>\n\t\t\t\t<\/div>\n\t\t\t\t\t<\/div>\n\t\t<\/div>\n\t\t\t\t<div class=\"elementor-column elementor-col-66 elementor-top-column elementor-element elementor-element-f0e354a\" data-id=\"f0e354a\" data-element_type=\"column\">\n\t\t\t<div class=\"elementor-widget-wrap elementor-element-populated\">\n\t\t\t\t\t\t<div class=\"elementor-element elementor-element-e05e8c2 elementor-widget elementor-widget-heading\" data-id=\"e05e8c2\" data-element_type=\"widget\" data-widget_type=\"heading.default\">\n\t\t\t\t<div class=\"elementor-widget-container\">\n\t\t\t<h3 class=\"elementor-heading-title elementor-size-large\"><u>Maison du jeu - \u00eele Ch\u00e9paou<\/u><\/h3>\t\t<\/div>\n\t\t\t\t<\/div>\n\t\t\t\t<div class=\"elementor-element elementor-element-c9ac0fb elementor-widget elementor-widget-text-editor\" data-id=\"c9ac0fb\" data-element_type=\"widget\" data-widget_type=\"text-editor.default\">\n\t\t\t\t<div class=\"elementor-widget-container\">\n\t\t\t\t\t\t\t<p>La\u00a0<span class=\"wixui-rich-text__text\">Maison du Jeu<\/span>\u00a0de l\u2019Ile Ch\u00e9paou est une association d\u2019\u00e9ducation populaire qui a pour but la promotion du jeu et le d\u00e9veloppement des pratiques ludiques.<\/p>\t\t\t\t\t\t<\/div>\n\t\t\t\t<\/div>\n\t\t\t\t\t<\/div>\n\t\t<\/div>\n\t\t\t\t\t<\/div>\n\t\t<\/section>\n\t\t\t\t<\/div>\n\t\t","protected":false},"excerpt":{"rendered":"<p>Projets BiblioWeb Une biblioth\u00e8que de livre en ligne ! Sur BiblioWeb vous retrouverez des livres ainsi que leur(s) genre(s) et leur auteur. Vous pouvez \u00e9galement emprunter un livre et\/ou consulter si il est emprunt\u00e9 ou libre. Hackat&rsquo;Innov Contraction de \u00ab hack \u00bb et de \u00ab marathon \u00bb, l&rsquo;hackathon est un processus cr\u00e9atif utilis\u00e9 dans ledomaine [&hellip;]<\/p>\n","protected":false},"author":1,"featured_media":0,"parent":0,"menu_order":0,"comment_status":"closed","ping_status":"closed","template":"","meta":{"footnotes":""},"class_list":["post-466","page","type-page","status-publish","hentry"],"_links":{"self":[{"href":"https:\/\/lohanfm.fr\/index.php\/wp-json\/wp\/v2\/pages\/466","targetHints":{"allow":["GET"]}}],"collection":[{"href":"https:\/\/lohanfm.fr\/index.php\/wp-json\/wp\/v2\/pages"}],"about":[{"href":"https:\/\/lohanfm.fr\/index.php\/wp-json\/wp\/v2\/types\/page"}],"author":[{"embeddable":true,"href":"https:\/\/lohanfm.fr\/index.php\/wp-json\/wp\/v2\/users\/1"}],"replies":[{"embeddable":true,"href":"https:\/\/lohanfm.fr\/index.php\/wp-json\/wp\/v2\/comments?post=466"}],"version-history":[{"count":13,"href":"https:\/\/lohanfm.fr\/index.php\/wp-json\/wp\/v2\/pages\/466\/revisions"}],"predecessor-version":[{"id":519,"href":"https:\/\/lohanfm.fr\/index.php\/wp-json\/wp\/v2\/pages\/466\/revisions\/519"}],"wp:attachment":[{"href":"https:\/\/lohanfm.fr\/index.php\/wp-json\/wp\/v2\/media?parent=466"}],"curies":[{"name":"wp","href":"https:\/\/api.w.org\/{rel}","templated":true}]}}